54390 and 464?
58
Calculate the greatest common divisor of 17195534 and 244.
122
Calculate the highest common factor of 1323 and 2048445.
441
Calculate the highest common factor of 19 and 76163419.
19
Calculate the highest common divisor of 495 and 66485210.
55
Calculate the highest common divisor of 792 and 105433152.
264
What is the greatest common factor of 3 and 507237?
3
What is the highest common divisor of 52 and 672932?
52
Calculate the highest common divisor of 10991760 and 4368.
624
Calculate the highest common factor of 353700 and 77850.
450
What is the greatest common factor of 2613289 and 2051?
7
Calculate the highest common divisor of 148526 and 65302.
206
What is the greatest common factor of 4867898 and 126?
14
Calculate the highest common divisor of 2572 and 1139396.
2572
Calculate the highest common divisor of 30455104 and 39040.
3904
Calculate the greatest common factor of 852 and 29897106.
426
Calculate the greatest common divisor of 16625 and 1573789.
133
Calculate the highest common factor of 672040 and 187090.
530
Calculate the highest common divisor of 20 and 32688860.
20
Calculate the greatest common divisor of 21177 and 8925291.
1629
What is the greatest common factor of 56 and 287762622?
14
What is the greatest common divisor of 8680 and 56005?
5
What is the greatest common divisor of 1285 and 9257654?
257
Calculate the greatest common divisor of 9000 and 34344.
72
What is the greatest common factor of 60773801 and 319?
11
What is the greatest common factor of 38 and 84558018?
38
What is the highest common divisor of 3091 and 2819273?
281
Calculate the highest common divisor of 915937 and 2563.
11
What is the highest common divisor of 2523510 and 3330?
90
Calculate the greatest common divisor of 1956 and 1785644788.
652
What is the highest common divisor of 215931 and 51603?
501
Calculate the highest common divisor of 2792 and 1538741.
349
Calculate the highest common factor of 524088795 and 5190.
2595
Calculate the greatest common divisor of 613 and 15742453.
613
Calculate the greatest common factor of 17865108 and 1764.
36
What is the greatest common divisor of 341 and 268031797?
341
What is the highest common divisor of 5162 and 450717449?
2581
What is the greatest common divisor of 52609728 and 31?
31
Calculate the greatest common factor of 5733002 and 143.
11
What is the greatest common divisor of 28839 and 234?
3
Calculate the greatest common factor of 2262956 and 3854.
94
Calculate the highest common divisor of 319 and 7976537.
29
What is the greatest common factor of 74178 and 74?
2
What is the highest common divisor of 2110495 and 45?
5
What is the greatest common divisor of 2182 and 4108?
2
What is the greatest common factor of 180 and 49679883?
9
What is the highest common divisor of 3124634 and 174?
58
What is the greatest common divisor of 899 and 61447549?
899
Calculate the highest common factor of 69680 and 11024.
208
What is the greatest common divisor of 21255 and 210612961?
1417
What is the greatest common factor of 3090 and 196985955?
1545
What is the highest common factor of 715 and 10960690?
65
Calculate the greatest common divisor of 95918207 and 49.
7
Calculate the greatest common factor of 50732632 and 1048.
1048
Calculate the greatest common factor of 88 and 263373.
11
Calculate the greatest common divisor of 124846877 and 102782.
3023
Calculate the greatest common factor of 3070933140 and 3135.
3135
What is the highest common factor of 18975 and 24959715?
3795
What is the greatest common factor of 126619338 and 5820?
582
What is the greatest common divisor of 16742 and 2529564?
1522
What is the greatest common divisor of 4467825 and 43200?
675
Calculate the highest common divisor of 25664 and 802.
802
What is the highest common factor of 1672 and 26493676?
836
Calculate the highest common divisor of 139725 and 3864.
69
What is the greatest common factor of 187 and 33737?
11
What is the highest common divisor of 377513721 and 338?
169
Calculate the highest common divisor of 958 and 154731370.
958
What is the highest common factor of 3925785 and 338335?
785
What is the greatest common divisor of 8180 and 11511305?
2045
Calculate the greatest common divisor of 8451984 and 23421.
111
Calculate the highest common divisor of 40 and 492509480.
40
What is the greatest common factor of 17288303 and 17?
17
Calculate the highest common factor of 5399116 and 323.
19
Calculate the highest common factor of 34440 and 17441564.
1148
What is the greatest common factor of 312 and 382296?
24
What is the highest common factor of 55537 and 11966762?
2923
Calculate the highest common factor of 421425 and 17775.
225
What is the highest common divisor of 164373181 and 35?
7
What is the greatest common divisor of 253 and 6134854?
11
Calculate the greatest common divisor of 60800 and 629600.
800
What is the greatest common factor of 1497300 and 279450?
3450
Calculate the greatest common divisor of 5193 and 263097.
9
What is the highest common divisor of 990 and 4215943710?
990
What is the highest common factor of 9344 and 45625?
73
Calculate the highest common factor of 10412 and 65157748.
548
Calculate the greatest common factor of 16501 and 1495849.
29
Calculate the greatest common divisor of 398177190 and 60.
30
What is the highest common divisor of 3113 and 8729611?
11
Calculate the highest common divisor of 12655603 and 4242.
101
Calculate the highest common divisor of 4572 and 1442322.
18
What is the greatest common factor of 87 and 14304105?
87
What is the highest common divisor of 2157856330 and 10?
10
Calculate the greatest common factor of 1145442 and 488958.
1362
Calculate the highest common factor of 9138 and 922174977.
4569
Calculate the highest common factor of 3482614 and 46.
46
Calculate the greatest common factor of 69180890 and 39730.
1370
Calculate the highest common factor of 3536 and 9654164.
884
What is the greatest common factor of 4761152 and 110?
22
Calculate the highest common divisor of 3729278 and 5166.
574
Calculate the highest common divisor of 286 and 680381.
13
What is the highest common factor of 18511044 and 345?
69
Calculate the highest common divisor of 664587090 and 270.
90
What is the highest common factor of 2571872 and 256?
32
What is the highest common divisor of 26050881 and 3059?
437
Calculate the greatest common divisor of 3533777 and 26.
13
What is the highest common factor of 284 and 4520996?
284
What is the highest common divisor of 36214990 and 11214?
1246
What is the highest common divisor of 1390 and 1033870?
10
What is the greatest common factor of 61583082 and 198?
66
What is the greatest common factor of 506 and 65581164?
22
What is the greatest common divisor of 924 and 33233508?
924
Calculate the highest common factor of 2992 and 33320.
136
Calculate the highest common divisor of 2243050 and 197411.
113
What is the highest common divisor of 555119 and 14?
1
Calculate the greatest common factor of 467103 and 26593.
203
Calculate the highest common divisor of 2664 and 15021297.
333
Calculate the highest common divisor of 196 and 3718148.
28
Calculate the greatest common divisor of 3196 and 992800.
68
What is the greatest common divisor of 183 and 1827499?
61
What is the greatest common factor of 25925 and 5209400?
1525
Calculate the greatest common divisor of 405 and 910926.
81
What is the greatest common divisor of 24442682 and 154?
22
What is the highest common divisor of 174 and 2364426?
6
What is the highest common factor of 4011812 and 40684?
28
Calculate the greatest common divisor of 61715548 and 8.
4
Calculate the greatest common divisor of 135 and 55108535.
5
What is the greatest common factor of 805451939 and 631?
631
What is the highest common factor of 622316292 and 22490?
4498
Calculate the greatest common divisor of 5025808 and 368.
16
Calculate the greatest common divisor of 72 and 1211208.
24
What is the highest common divisor of 3482240 and 2240?
320
What is the greatest common factor of 1504530 and 89352?
1314
Calculate the greatest common factor of 4825500 and 750.
750
Calculate the highest common divisor of 320 and 41413760.
320
Calculate the greatest common divisor of 11556 and 25164.
108
Calculate the greatest common factor of 5 and 42430